he prime factors of 4816645937?
15319, 314423
What are the prime factors of 16663395?
3, 5, 7, 158699
What are the prime factors of 1130859120?
2, 3, 5, 37, 347, 367
List the prime factors of 6218786495.
5, 641, 1940339
What are the prime factors of 305629333?
101, 491, 6163
What are the prime factors of 368461386?
2, 3, 84239
What are the prime factors of 11750785?
5, 2350157
List the prime factors of 36839210.
2, 5, 3683921
List the prime factors of 4899894825.
3, 5, 7, 1867, 4999
List the prime factors of 437536734.
2, 3, 3917, 18617
List the prime factors of 66750073.
13, 233, 22037
What are the prime factors of 71531705?
5, 7, 2043763
What are the prime factors of 46578810?
2, 3, 5, 17, 91331
List the prime factors of 1992210013.
29, 149, 461053
List the prime factors of 78450510.
2, 3, 5, 29, 90173
List the prime factors of 3540881.
281, 12601
What are the prime factors of 43170249?
3, 53, 61, 4451
List the prime factors of 372188626.
2, 186094313
List the prime factors of 68609389.
29, 59, 40099
What are the prime factors of 6113093?
7, 73, 1709
List the prime factors of 125206496.
2, 17, 47, 59, 83
What are the prime factors of 1183528586?
2, 89, 431, 15427
What are the prime factors of 1302198327?
3, 113, 1280431
List the prime factors of 405554778.
2, 3, 131, 293, 587
List the prime factors of 50166140.
2, 5, 2508307
What are the prime factors of 104735350?
2, 5, 2094707
List the prime factors of 730594296.
2, 3, 3382381
List the prime factors of 2057989164.
2, 3, 7, 11, 2227261
List the prime factors of 2064996861.
3, 688332287
List the prime factors of 75307655.
5, 15061531
What are the prime factors of 1125046650?
2, 3, 5, 7, 13, 82421
What are the prime factors of 544492444?
2, 37, 3679003
List the prime factors of 88711353.
3, 9856817
What are the prime factors of 6378849362?
2, 43, 197, 376511
List the prime factors of 569769903.
3, 59, 357671
What are the prime factors of 2810559350?
2, 5, 56211187
What are the prime factors of 485936311?
7, 181, 383533
What are the prime factors of 332735749?
53, 71, 88423
What are the prime factors of 64328254?
2, 32164127
What are the prime factors of 425513350?
2, 5, 73, 116579
What are the prime factors of 6131608?
2, 7, 223, 491
What are the prime factors of 176257887?
3, 13, 17, 83, 3203
What are the prime factors of 34149034?
2, 193, 88469
List the prime factors of 1032226623.
3, 19, 31, 194723
What are the prime factors of 533577422?
2, 7, 1163, 32771
List the prime factors of 1236841178.
2, 41, 53, 284593
What are the prime factors of 194140799?
17, 73, 2143
List the prime factors of 105022711.
269, 390419
List the prime factors of 125261921.
359, 348919
What are the prime factors of 68495009?
11, 61, 102079
What are the prime factors of 2240064820?
2, 5, 7, 16000463
List the prime factors of 580416200.
2, 5, 7, 13, 31891
What are the prime factors of 1972796291?
2767, 712973
What are the prime factors of 2734209670?
2, 5, 127, 2152921
What are the prime factors of 699179852?
2, 7, 23, 1033, 1051
What are the prime factors of 95777803?
11, 19, 487, 941
What are the prime factors of 2943554539?
17, 6287, 27541
What are the prime factors of 84572985?
3, 5, 7, 293, 2749
List the prime factors of 1949443985.
5, 19, 89, 230567
What are the prime factors of 1016698322?
2, 19, 97, 275827
What are the prime factors of 271039213?
271039213
List the prime factors of 1094273927.
37, 769, 38459
List the prime factors of 83902723.
83902723
List the prime factors of 52302242.
2, 107, 244403
List the prime factors of 19766776.
2, 449, 5503
List the prime factors of 241300037.
11, 199, 110233
List the prime factors of 1456748194.
2, 11, 23, 419, 6871
List the prime factors of 2459646477.
3, 273294053
What are the prime factors of 6840789349?
463, 1951, 7573
List the prime factors of 244186395.
3, 5, 71, 229283
List the prime factors of 1222290666.
2, 3, 29, 313, 7481
What are the prime factors of 395105536?
2, 7, 37, 59, 101
List the prime factors of 197799980.
2, 5, 7, 1412857
What are the prime factors of 71597130?
2, 3, 5, 11, 19, 601
List the prime factors of 915104880.
2, 3, 5, 83, 15313
List the prime factors of 1323101663.
13, 139, 732209
What are the prime factors of 218908?
2, 54727
List the prime factors of 182374865.
5, 3083, 11831
What are the prime factors of 23991645?
3, 5, 23, 197, 353
List the prime factors of 3052264296.
2, 3, 127177679
What are the prime factors of 45304237?
11, 31, 132857
List the prime factors of 2041984868.
2, 7, 11, 602711
List the prime factors of 13002511.
13002511
List the prime factors of 91914279.
3, 23, 57917
What are the prime factors of 3811118826?
2, 3, 635186471
What are the prime factors of 8091809185?
5, 53, 30535129
What are the prime factors of 157602128?
2, 223, 44171
List the prime factors of 1411820976.
2, 3, 29412937
List the prime factors of 542226558.
2, 3, 41, 2204173
What are the prime factors of 197338314?
2, 3, 32889719
What are the prime factors of 1312348172?
2, 31, 41, 293, 881
What are the prime factors of 1285142659?
17, 75596627
What are the prime factors of 2052266668?
2, 2339, 219353
What are the prime factors of 26436765?
3, 5, 1762451
List the prime factors of 1126782046.
2, 13, 283, 153137
List the prime factors of 656798224.
2, 61, 672949
What are the prime factors of 160994511?
3, 37, 483467
What are the prime factors of 873099761?
19, 45952619
What are the prime factors of 1327367606?
2, 663683803
List the prime factors of 8227113.
3, 2742371
List the prime factors of 280767607.
59, 1439, 3307
What are the prime factors of 408520034?
2, 13, 37, 271, 1567
What are the prime factors of 302962362?
2, 3, 29, 1741163
List the prime factors of 458076242.
2, 13, 17618317
List the prime factors of 16346623.
1777, 9199
List the prime factors of 53991622.
2, 929, 29059
List the prime factors of 32399818.
2, 11, 1472719
List the prime factors of 8996505.
3, 5, 7, 47, 1823
What are the prime factors of 155243662?
2, 7, 1201, 1319
List the prime factors of 983099241.
3, 59, 61, 67, 151
List the prime factors of 169104666.
2, 3, 28184111
What are the prime factors of 2258606155?
5, 13, 41, 847507
List the prime factors of 282828958.
2, 141414479
What are the prime factors of 136426649?
17, 8025097
List the prime factors of 289967100.
2, 3, 5, 966557
What are the prime factors of 1351692601?
7, 73, 2645191
List the prime factors of 491242551.
3, 163747517
What are the prime factors of 358767816?
2, 3, 11, 29, 46861
List the prime factors of 53694744.
2, 3, 71, 31511
List the prime factors of 119244800.
2, 5, 17, 137
List the prime factors of 8167412.
2, 11, 17, 61, 179
List the prime factors of 297173392.
2, 18573337
List the prime factors of 14762494.
2, 17, 434191
List the prime factors of 270627233.
17, 15919249
What are the prime factors of 27995543?
27995543
What are the prime factors of 2184788407?
599, 3647393
List the prime factors of 748940240.
2, 5, 157, 59629
What are the prime factors of 3925023800?
2, 5, 19, 1032901
What are the prime factors of 3049453069?
13, 2239, 8059
List the prime factors of 1257444685.
5, 7, 2843, 12637
List the prime factors of 2201482620.
2, 3, 5, 12230459
List the prime factors of 617948201.
13, 521, 91237
List the prime factors of 4882258443.
3, 67, 24289843
What are the prime factors of 42454930?
2, 5, 7, 19, 137, 233
List the prime factors of 3696234894.
2, 3, 11, 17, 1098109
What are the prime factors of 214344457?
67, 3199171
What are the prime factors of 46557817?
46557817
What are the prime factors of 181601314?
2, 1091, 83227
What are the prime factors of 2337394535?
5, 7, 19, 3514879
What are the prime factors of 2621137465?
5, 11119, 47147
List the prime factors of 70432519.
70432519
What are the prime factors of 92081862?
2, 3, 5115659
List the prime factors of 1260978599.
31, 109, 373181
What are the prime factors of 199604026?
2, 99802013
List the prime factors of 933880751.
43, 73, 297509
What are the prime factors of 32659576?
2, 4082447
What are the prime factors of 58310445?
3, 5, 29, 134047
What are the prime factors of 106454783?
1861, 57203
What are the prime factors of 591763924?
2, 6197, 23873
List the prime factors of 3645205642.
2, 13, 1627, 86171
List the prime factors 